{"id":9830,"date":"2015-07-21T21:42:01","date_gmt":"2015-07-21T19:42:01","guid":{"rendered":"http:\/\/www.unionbelge.be\/wp-content\/uploads\/2015\/07\/DSC01146.jpg"},"modified":"2015-07-21T21:42:01","modified_gmt":"2015-07-21T19:42:01","slug":"dsc01146","status":"inherit","type":"attachment","link":"https:\/\/www.unionbelge.be\/?attachment_id=9830","title":{"rendered":"Stand B.U.B."},"author":2,"featured_media":0,"comment_status":"closed","ping_status":"closed","template":"","meta":{"ngg_post_thumbnail":0,"jetpack_post_was_ever_published":false},"class_list":["post-9830","attachment","type-attachment","status-inherit","hentry"],"jetpack_sharing_enabled":true,"jetpack_shortlink":"https:\/\/wp.me\/a6Y7u0-2yy","jetpack_likes_enabled":false,"description":{"rendered":"<p class=\"attachment\"><a href='https:\/\/www.unionbelge.be\/wp-content\/uploads\/2015\/07\/DSC01146.jpg'><img loading=\"lazy\" decoding=\"async\" width=\"300\" height=\"168\" src=\"https:\/\/www.unionbelge.be\/wp-content\/uploads\/2015\/07\/DSC01146-300x168.jpg\" class=\"attachment-medium size-medium\" alt=\"vlnr - de gauche \u00e0 droite: Jean-Paul Stevens, J\u00e9r\u00e9my Charlier, Luc Claerhout\" srcset=\"https:\/\/www.unionbelge.be\/wp-content\/uploads\/2015\/07\/DSC01146-300x168.jpg 300w, https:\/\/www.unionbelge.be\/wp-content\/uploads\/2015\/07\/DSC01146-420x236.jpg 420w, https:\/\/www.unionbelge.be\/wp-content\/uploads\/2015\/07\/DSC01146-800x450.jpg 800w, https:\/\/www.unionbelge.be\/wp-content\/uploads\/2015\/07\/DSC01146-1024x576.jpg 1024w, https:\/\/www.unionbelge.be\/wp-content\/uploads\/2015\/07\/DSC01146-1200x675-cropped.jpg 1200w, https:\/\/www.unionbelge.be\/wp-content\/uploads\/2015\/07\/DSC01146.jpg 1920w\" sizes=\"auto, (max-width: 300px) 100vw, 300px\" \/><\/a><\/p>\n"},"caption":{"rendered":"<p>vlnr &#8211; de gauche \u00e0 droite: Jean-Paul Stevens, J\u00e9r\u00e9my Charlier, Luc Claerhout<\/p>\n"},"alt_text":"vlnr - de gauche \u00e0 droite: Jean-Paul Stevens, J\u00e9r\u00e9my Charlier, Luc Claerhout","media_type":"image","mime_type":"image\/jpeg","media_details":{"width":1920,"height":1080,"file":"2015\/07\/DSC01146.jpg","filesize":667530,"sizes":{"woocommerce_thumbnail":{"file":"DSC01146-420x236.jpg","width":420,"height":236,"filesize":49834,"uncropped":true,"mime_type":"image\/jpeg","source_url":"https:\/\/www.unionbelge.be\/wp-content\/uploads\/2015\/07\/DSC01146-420x236.jpg"},"woocommerce_gallery_thumbnail":{"file":"DSC01146-100x100.jpg","width":100,"height":100,"filesize":27285,"mime_type":"image\/jpeg","source_url":"https:\/\/www.unionbelge.be\/wp-content\/uploads\/2015\/07\/DSC01146-100x100.jpg"},"woocommerce_single":{"file":"DSC01146-800x450.jpg","width":800,"height":450,"filesize":95501,"mime_type":"image\/jpeg","source_url":"https:\/\/www.unionbelge.be\/wp-content\/uploads\/2015\/07\/DSC01146-800x450.jpg"},"thumbnail":{"file":"DSC01146-150x150.jpg","width":150,"height":150,"mime_type":"image\/jpeg","source_url":"https:\/\/www.unionbelge.be\/wp-content\/uploads\/2015\/07\/DSC01146-150x150.jpg"},"medium":{"file":"DSC01146-300x168.jpg","width":300,"height":168,"mime_type":"image\/jpeg","source_url":"https:\/\/www.unionbelge.be\/wp-content\/uploads\/2015\/07\/DSC01146-300x168.jpg"},"large":{"file":"DSC01146-1024x576.jpg","width":1024,"height":576,"mime_type":"image\/jpeg","source_url":"https:\/\/www.unionbelge.be\/wp-content\/uploads\/2015\/07\/DSC01146-1024x576.jpg"},"featured":{"file":"DSC01146-200x180.jpg","width":200,"height":180,"mime_type":"image\/jpeg","source_url":"https:\/\/www.unionbelge.be\/wp-content\/uploads\/2015\/07\/DSC01146-200x180.jpg"},"ngfb-richpin":{"file":"DSC01146-1200x1080.jpg","width":1200,"height":1080,"mime_type":"image\/jpeg","source_url":"https:\/\/www.unionbelge.be\/wp-content\/uploads\/2015\/07\/DSC01146-1200x1080.jpg"},"ngfb-opengraph":{"file":"DSC01146-630x630.jpg","width":630,"height":630,"mime_type":"image\/jpeg","source_url":"https:\/\/www.unionbelge.be\/wp-content\/uploads\/2015\/07\/DSC01146-630x630.jpg"},"ngfb-pinterest-button":{"file":"DSC01146-800x450.jpg","width":800,"height":450,"mime_type":"image\/jpeg","source_url":"https:\/\/www.unionbelge.be\/wp-content\/uploads\/2015\/07\/DSC01146-800x450.jpg"},"ngfb-buffer-button":{"file":"DSC01146-800x800.jpg","width":800,"height":800,"mime_type":"image\/jpeg","source_url":"https:\/\/www.unionbelge.be\/wp-content\/uploads\/2015\/07\/DSC01146-800x800.jpg"},"ngfb-tumblr-button":{"file":"DSC01146-800x450.jpg","width":800,"height":450,"mime_type":"image\/jpeg","source_url":"https:\/\/www.unionbelge.be\/wp-content\/uploads\/2015\/07\/DSC01146-800x450.jpg"},"ngfb-tc-lrgimg":{"file":"DSC01146-300x168.jpg","width":300,"height":168,"mime_type":"image\/jpeg","source_url":"https:\/\/www.unionbelge.be\/wp-content\/uploads\/2015\/07\/DSC01146-300x168.jpg"},"ngfb-schema":{"file":"DSC01146-800x450.jpg","width":800,"height":450,"mime_type":"image\/jpeg","source_url":"https:\/\/www.unionbelge.be\/wp-content\/uploads\/2015\/07\/DSC01146-800x450.jpg"},"ngfb-tc-summary":{"file":"DSC01146-200x200.jpg","width":200,"height":200,"mime_type":"image\/jpeg","source_url":"https:\/\/www.unionbelge.be\/wp-content\/uploads\/2015\/07\/DSC01146-200x200.jpg"},"wpsso-opengraph":{"file":"DSC01146-1200x630-cropped.jpg","width":1200,"height":630,"mime_type":"image\/jpeg","source_url":"https:\/\/www.unionbelge.be\/wp-content\/uploads\/2015\/07\/DSC01146-1200x630-cropped.jpg"},"wpsso-tc-lrgimg":{"file":"DSC01146-1200x675.jpg","width":1200,"height":675,"mime_type":"image\/jpeg","source_url":"https:\/\/www.unionbelge.be\/wp-content\/uploads\/2015\/07\/DSC01146-1200x675.jpg"},"wpsso-schema":{"file":"DSC01146-800x450.jpg","width":800,"height":450,"mime_type":"image\/jpeg","source_url":"https:\/\/www.unionbelge.be\/wp-content\/uploads\/2015\/07\/DSC01146-800x450.jpg"},"wpsso-tc-summary":{"file":"DSC01146-1200x630-cropped.jpg","width":1200,"height":630,"mime_type":"image\/jpeg","source_url":"https:\/\/www.unionbelge.be\/wp-content\/uploads\/2015\/07\/DSC01146-1200x630-cropped.jpg"},"wpsso-thumbnail":{"file":"DSC01146-1200x630-cropped.jpg","width":1200,"height":630,"mime_type":"image\/jpeg","source_url":"https:\/\/www.unionbelge.be\/wp-content\/uploads\/2015\/07\/DSC01146-1200x630-cropped.jpg"},"wpsso-pinterest":{"file":"DSC01146-1200x675.jpg","width":1200,"height":675,"mime_type":"image\/jpeg","source_url":"https:\/\/www.unionbelge.be\/wp-content\/uploads\/2015\/07\/DSC01146-1200x675.jpg"},"wpsso-schema-4-3":{"file":"DSC01146-1200x900-cropped.jpg","width":1200,"height":900,"mime_type":"image\/jpeg","source_url":"https:\/\/www.unionbelge.be\/wp-content\/uploads\/2015\/07\/DSC01146-1200x900-cropped.jpg"},"wpsso-schema-16-9":{"file":"DSC01146-1200x675-cropped.jpg","width":1200,"height":675,"mime_type":"image\/jpeg","source_url":"https:\/\/www.unionbelge.be\/wp-content\/uploads\/2015\/07\/DSC01146-1200x675-cropped.jpg"},"wpsso-schema-4x3":{"file":"DSC01146-1200x900-cropped.jpg","width":1200,"height":900,"mime_type":"image\/jpeg","source_url":"https:\/\/www.unionbelge.be\/wp-content\/uploads\/2015\/07\/DSC01146-1200x900-cropped.jpg"},"wpsso-schema-16x9":{"file":"DSC01146-1200x675-cropped.jpg","width":1200,"height":675,"mime_type":"image\/jpeg","source_url":"https:\/\/www.unionbelge.be\/wp-content\/uploads\/2015\/07\/DSC01146-1200x675-cropped.jpg"},"full":{"file":"DSC01146.jpg","width":1920,"height":1080,"mime_type":"image\/jpeg","source_url":"https:\/\/www.unionbelge.be\/wp-content\/uploads\/2015\/07\/DSC01146.jpg"}},"image_meta":{"aperture":"8","credit":"","camera":"DSC-W80","caption":"","created_timestamp":"1437495364","copyright":"","focal_length":"5.8","iso":"125","shutter_speed":"0.0125","title":"","orientation":"1","keywords":[]}},"post":9827,"source_url":"https:\/\/www.unionbelge.be\/wp-content\/uploads\/2015\/07\/DSC01146.jpg","_links":{"self":[{"href":"https:\/\/www.unionbelge.be\/index.php?rest_route=\/wp\/v2\/media\/9830","targetHints":{"allow":["GET"]}}],"collection":[{"href":"https:\/\/www.unionbelge.be\/index.php?rest_route=\/wp\/v2\/media"}],"about":[{"href":"https:\/\/www.unionbelge.be\/index.php?rest_route=\/wp\/v2\/types\/attachment"}],"author":[{"embeddable":true,"href":"https:\/\/www.unionbelge.be\/index.php?rest_route=\/wp\/v2\/users\/2"}],"replies":[{"embeddable":true,"href":"https:\/\/www.unionbelge.be\/index.php?rest_route=%2Fwp%2Fv2%2Fcomments&post=9830"}],"wp:attached-to":[{"embeddable":true,"post_type":"post","id":9827,"href":"https:\/\/www.unionbelge.be\/index.php?rest_route=\/wp\/v2\/posts\/9827"}],"curies":[{"name":"wp","href":"https:\/\/api.w.org\/{rel}","templated":true}]}}

<p class="attachment"><a href='https://www.unionbelge.be/wp-content/uploads/2015/07/DSC01146.jpg'><img loading="lazy" decoding="async" width="300" height="168" src="https://www.unionbelge.be/wp-content/uploads/2015/07/DSC01146-300x168.jpg" class="attachment-medium size-medium" alt="vlnr - de gauche à droite: Jean-Paul Stevens, Jérémy Charlier, Luc Claerhout" srcset="https://www.unionbelge.be/wp-content/uploads/2015/07/DSC01146-300x168.jpg 300w, https://www.unionbelge.be/wp-content/uploads/2015/07/DSC01146-420x236.jpg 420w, https://www.unionbelge.be/wp-content/uploads/2015/07/DSC01146-800x450.jpg 800w, https://www.unionbelge.be/wp-content/uploads/2015/07/DSC01146-1024x576.jpg 1024w, https://www.unionbelge.be/wp-content/uploads/2015/07/DSC01146-1200x675-cropped.jpg 1200w, https://www.unionbelge.be/wp-content/uploads/2015/07/DSC01146.jpg 1920w" sizes="auto, (max-width: 300px) 100vw, 300px" /></a></p>

<p>vlnr &#8211; de gauche à droite: Jean-Paul Stevens, Jérémy Charlier, Luc Claerhout</p>

vlnr - de gauche à droite: Jean-Paul Stevens, Jérémy Charlier, Luc Claerhout
