{"id":11931,"date":"2017-10-11T16:13:56","date_gmt":"2017-10-11T15:13:56","guid":{"rendered":"http:\/\/www.unionbelge.be\/wp-content\/uploads\/2017\/10\/Actie-B.U.B.-17.10.2017-2.jpg"},"modified":"2018-07-28T21:24:11","modified_gmt":"2018-07-28T20:24:11","slug":"actie-b-u-b-17-10-2017-2","status":"inherit","type":"attachment","link":"https:\/\/www.unionbelge.be\/?attachment_id=11931","title":{"rendered":"Actie B.U.B. 17.10.2017 (2)"},"author":2,"featured_media":0,"comment_status":"closed","ping_status":"closed","template":"","meta":{"ngg_post_thumbnail":0,"jetpack_post_was_ever_published":false},"class_list":["post-11931","attachment","type-attachment","status-inherit","hentry"],"jetpack_sharing_enabled":true,"jetpack_shortlink":"https:\/\/wp.me\/a6Y7u0-36r","jetpack_likes_enabled":false,"description":{"rendered":"<p class=\"attachment\"><a href='https:\/\/www.unionbelge.be\/wp-content\/uploads\/2017\/10\/Actie-B.U.B.-17.10.2017-2.jpg'><img loading=\"lazy\" decoding=\"async\" width=\"300\" height=\"225\" src=\"https:\/\/www.unionbelge.be\/wp-content\/uploads\/2017\/10\/Actie-B.U.B.-17.10.2017-2-300x225.jpg\" class=\"attachment-medium size-medium\" alt=\"Conversation apr\u00e8s Peumans. Ensuite, la police a (gentiment) mis fin \u00e0 l&#039;action - Gesprek met Peumans. Vervolgens heeft de politie (vriendelijk) aan de actie een einde gesteld - Gespr\u00e4ch mit Peumans. Danach hat die Polizei (freundlich) die Aktion beendet.\" srcset=\"https:\/\/www.unionbelge.be\/wp-content\/uploads\/2017\/10\/Actie-B.U.B.-17.10.2017-2-300x225.jpg 300w, https:\/\/www.unionbelge.be\/wp-content\/uploads\/2017\/10\/Actie-B.U.B.-17.10.2017-2-420x315.jpg 420w, https:\/\/www.unionbelge.be\/wp-content\/uploads\/2017\/10\/Actie-B.U.B.-17.10.2017-2-800x600.jpg 800w, https:\/\/www.unionbelge.be\/wp-content\/uploads\/2017\/10\/Actie-B.U.B.-17.10.2017-2-768x576.jpg 768w, https:\/\/www.unionbelge.be\/wp-content\/uploads\/2017\/10\/Actie-B.U.B.-17.10.2017-2.jpg 960w\" sizes=\"auto, (max-width: 300px) 100vw, 300px\" \/><\/a><\/p>\n<p>Photo\/Foto B.U.B.<\/p>\n"},"caption":{"rendered":"<p>Conversation apr\u00e8s Peumans. Ensuite, la police a (gentiment) mis fin \u00e0 l&#8217;action &#8211; Gesprek met Peumans. Vervolgens heeft de politie (vriendelijk) aan de actie een einde gesteld &#8211; Gespr\u00e4ch mit Peumans. Danach hat die Polizei (freundlich) die Aktion beendet (Photo\/foto B.U.B.)<\/p>\n"},"alt_text":"Conversation apr\u00e8s Peumans. Ensuite, la police a (gentiment) mis fin \u00e0 l'action - Gesprek met Peumans. Vervolgens heeft de politie (vriendelijk) aan de actie een einde gesteld - Gespr\u00e4ch mit Peumans. Danach hat die Polizei (freundlich) die Aktion beendet.","media_type":"image","mime_type":"image\/jpeg","media_details":{"width":960,"height":720,"file":"2017\/10\/Actie-B.U.B.-17.10.2017-2.jpg","filesize":98004,"sizes":{"woocommerce_thumbnail":{"file":"Actie-B.U.B.-17.10.2017-2-420x315.jpg","width":420,"height":315,"filesize":28373,"uncropped":true,"mime_type":"image\/jpeg","source_url":"https:\/\/www.unionbelge.be\/wp-content\/uploads\/2017\/10\/Actie-B.U.B.-17.10.2017-2-420x315.jpg"},"woocommerce_gallery_thumbnail":{"file":"Actie-B.U.B.-17.10.2017-2-100x100.jpg","width":100,"height":100,"filesize":6144,"mime_type":"image\/jpeg","source_url":"https:\/\/www.unionbelge.be\/wp-content\/uploads\/2017\/10\/Actie-B.U.B.-17.10.2017-2-100x100.jpg"},"woocommerce_single":{"file":"Actie-B.U.B.-17.10.2017-2-800x600.jpg","width":800,"height":600,"filesize":78144,"mime_type":"image\/jpeg","source_url":"https:\/\/www.unionbelge.be\/wp-content\/uploads\/2017\/10\/Actie-B.U.B.-17.10.2017-2-800x600.jpg"},"thumbnail":{"file":"Actie-B.U.B.-17.10.2017-2-150x150.jpg","width":150,"height":150,"mime_type":"image\/jpeg","source_url":"https:\/\/www.unionbelge.be\/wp-content\/uploads\/2017\/10\/Actie-B.U.B.-17.10.2017-2-150x150.jpg"},"medium":{"file":"Actie-B.U.B.-17.10.2017-2-300x225.jpg","width":300,"height":225,"mime_type":"image\/jpeg","source_url":"https:\/\/www.unionbelge.be\/wp-content\/uploads\/2017\/10\/Actie-B.U.B.-17.10.2017-2-300x225.jpg"},"medium_large":{"file":"Actie-B.U.B.-17.10.2017-2-768x576.jpg","width":768,"height":576,"mime_type":"image\/jpeg","source_url":"https:\/\/www.unionbelge.be\/wp-content\/uploads\/2017\/10\/Actie-B.U.B.-17.10.2017-2-768x576.jpg"},"jr_insta_square":{"file":"Actie-B.U.B.-17.10.2017-2-640x640.jpg","width":640,"height":640,"mime_type":"image\/jpeg","source_url":"https:\/\/www.unionbelge.be\/wp-content\/uploads\/2017\/10\/Actie-B.U.B.-17.10.2017-2-640x640.jpg"},"featured":{"file":"Actie-B.U.B.-17.10.2017-2-200x180.jpg","width":200,"height":180,"mime_type":"image\/jpeg","source_url":"https:\/\/www.unionbelge.be\/wp-content\/uploads\/2017\/10\/Actie-B.U.B.-17.10.2017-2-200x180.jpg"},"ngfb-schema":{"file":"Actie-B.U.B.-17.10.2017-2-800x600.jpg","width":800,"height":600,"mime_type":"image\/jpeg","source_url":"https:\/\/www.unionbelge.be\/wp-content\/uploads\/2017\/10\/Actie-B.U.B.-17.10.2017-2-800x600.jpg"},"ngfb-schema-article":{"file":"Actie-B.U.B.-17.10.2017-2-800x600.jpg","width":800,"height":600,"mime_type":"image\/jpeg","source_url":"https:\/\/www.unionbelge.be\/wp-content\/uploads\/2017\/10\/Actie-B.U.B.-17.10.2017-2-800x600.jpg"},"ngfb-opengraph":{"file":"Actie-B.U.B.-17.10.2017-2-630x630.jpg","width":630,"height":630,"mime_type":"image\/jpeg","source_url":"https:\/\/www.unionbelge.be\/wp-content\/uploads\/2017\/10\/Actie-B.U.B.-17.10.2017-2-630x630.jpg"},"ngfb-tc-summary":{"file":"Actie-B.U.B.-17.10.2017-2-200x200.jpg","width":200,"height":200,"mime_type":"image\/jpeg","source_url":"https:\/\/www.unionbelge.be\/wp-content\/uploads\/2017\/10\/Actie-B.U.B.-17.10.2017-2-200x200.jpg"},"ngfb-tc-lrgimg":{"file":"Actie-B.U.B.-17.10.2017-2-300x225.jpg","width":300,"height":225,"mime_type":"image\/jpeg","source_url":"https:\/\/www.unionbelge.be\/wp-content\/uploads\/2017\/10\/Actie-B.U.B.-17.10.2017-2-300x225.jpg"},"ngfb-pinterest-button":{"file":"Actie-B.U.B.-17.10.2017-2-800x600.jpg","width":800,"height":600,"mime_type":"image\/jpeg","source_url":"https:\/\/www.unionbelge.be\/wp-content\/uploads\/2017\/10\/Actie-B.U.B.-17.10.2017-2-800x600.jpg"},"ngfb-buffer-button":{"file":"Actie-B.U.B.-17.10.2017-2-800x720.jpg","width":800,"height":720,"mime_type":"image\/jpeg","source_url":"https:\/\/www.unionbelge.be\/wp-content\/uploads\/2017\/10\/Actie-B.U.B.-17.10.2017-2-800x720.jpg"},"ngfb-tumblr-button":{"file":"Actie-B.U.B.-17.10.2017-2-800x600.jpg","width":800,"height":600,"mime_type":"image\/jpeg","source_url":"https:\/\/www.unionbelge.be\/wp-content\/uploads\/2017\/10\/Actie-B.U.B.-17.10.2017-2-800x600.jpg"},"wpsso-schema":{"file":"Actie-B.U.B.-17.10.2017-2-800x600.jpg","width":800,"height":600,"mime_type":"image\/jpeg","source_url":"https:\/\/www.unionbelge.be\/wp-content\/uploads\/2017\/10\/Actie-B.U.B.-17.10.2017-2-800x600.jpg"},"full":{"file":"Actie-B.U.B.-17.10.2017-2.jpg","width":960,"height":720,"mime_type":"image\/jpeg","source_url":"https:\/\/www.unionbelge.be\/wp-content\/uploads\/2017\/10\/Actie-B.U.B.-17.10.2017-2.jpg"}},"image_meta":{"aperture":"0","credit":"","camera":"","caption":"","created_timestamp":"0","copyright":"","focal_length":"0","iso":"0","shutter_speed":"0","title":"","orientation":"0","keywords":[]}},"post":11922,"source_url":"https:\/\/www.unionbelge.be\/wp-content\/uploads\/2017\/10\/Actie-B.U.B.-17.10.2017-2.jpg","_links":{"self":[{"href":"https:\/\/www.unionbelge.be\/index.php?rest_route=\/wp\/v2\/media\/11931","targetHints":{"allow":["GET"]}}],"collection":[{"href":"https:\/\/www.unionbelge.be\/index.php?rest_route=\/wp\/v2\/media"}],"about":[{"href":"https:\/\/www.unionbelge.be\/index.php?rest_route=\/wp\/v2\/types\/attachment"}],"author":[{"embeddable":true,"href":"https:\/\/www.unionbelge.be\/index.php?rest_route=\/wp\/v2\/users\/2"}],"replies":[{"embeddable":true,"href":"https:\/\/www.unionbelge.be\/index.php?rest_route=%2Fwp%2Fv2%2Fcomments&post=11931"}],"wp:attached-to":[{"embeddable":true,"post_type":"post","id":11922,"href":"https:\/\/www.unionbelge.be\/index.php?rest_route=\/wp\/v2\/posts\/11922"}],"curies":[{"name":"wp","href":"https:\/\/api.w.org\/{rel}","templated":true}]}}

<p class="attachment"><a href='https://www.unionbelge.be/wp-content/uploads/2017/10/Actie-B.U.B.-17.10.2017-2.jpg'><img loading="lazy" decoding="async" width="300" height="225" src="https://www.unionbelge.be/wp-content/uploads/2017/10/Actie-B.U.B.-17.10.2017-2-300x225.jpg" class="attachment-medium size-medium" alt="Conversation après Peumans. Ensuite, la police a (gentiment) mis fin à l&#039;action - Gesprek met Peumans. Vervolgens heeft de politie (vriendelijk) aan de actie een einde gesteld - Gespräch mit Peumans. Danach hat die Polizei (freundlich) die Aktion beendet." srcset="https://www.unionbelge.be/wp-content/uploads/2017/10/Actie-B.U.B.-17.10.2017-2-300x225.jpg 300w, https://www.unionbelge.be/wp-content/uploads/2017/10/Actie-B.U.B.-17.10.2017-2-420x315.jpg 420w, https://www.unionbelge.be/wp-content/uploads/2017/10/Actie-B.U.B.-17.10.2017-2-800x600.jpg 800w, https://www.unionbelge.be/wp-content/uploads/2017/10/Actie-B.U.B.-17.10.2017-2-768x576.jpg 768w, https://www.unionbelge.be/wp-content/uploads/2017/10/Actie-B.U.B.-17.10.2017-2.jpg 960w" sizes="auto, (max-width: 300px) 100vw, 300px" /></a></p>
<p>Photo/Foto B.U.B.</p>

<p>Conversation après Peumans. Ensuite, la police a (gentiment) mis fin à l&#8217;action &#8211; Gesprek met Peumans. Vervolgens heeft de politie (vriendelijk) aan de actie een einde gesteld &#8211; Gespräch mit Peumans. Danach hat die Polizei (freundlich) die Aktion beendet (Photo/foto B.U.B.)</p>

Conversation après Peumans. Ensuite, la police a (gentiment) mis fin à l'action - Gesprek met Peumans. Vervolgens heeft de politie (vriendelijk) aan de actie een einde gesteld - Gespräch mit Peumans. Danach hat die Polizei (freundlich) die Aktion beendet.
