{"id":10430,"date":"2016-07-12T09:27:36","date_gmt":"2016-07-12T08:27:36","guid":{"rendered":"http:\/\/www.unionbelge.be\/wp-content\/uploads\/2016\/07\/Ijzertoren-2016.jpg"},"modified":"2016-07-12T09:29:15","modified_gmt":"2016-07-12T08:29:15","slug":"ijzertoren-2016","status":"inherit","type":"attachment","link":"https:\/\/www.unionbelge.be\/?attachment_id=10430","title":{"rendered":"Ijzertoren 2016"},"author":2,"featured_media":0,"comment_status":"closed","ping_status":"closed","template":"","meta":{"ngg_post_thumbnail":0,"jetpack_post_was_ever_published":false},"class_list":["post-10430","attachment","type-attachment","status-inherit","hentry"],"jetpack_sharing_enabled":true,"jetpack_shortlink":"https:\/\/wp.me\/a6Y7u0-2Ie","jetpack_likes_enabled":false,"description":{"rendered":"<p class=\"attachment\"><a href='https:\/\/www.unionbelge.be\/wp-content\/uploads\/2016\/07\/Ijzertoren-2016.jpg'><img loading=\"lazy\" decoding=\"async\" width=\"300\" height=\"169\" src=\"https:\/\/www.unionbelge.be\/wp-content\/uploads\/2016\/07\/Ijzertoren-2016-300x169.jpg\" class=\"attachment-medium size-medium\" alt=\"Slechts een 15-tal mensen waren aanwezig op de 11 juli-viering aan de Ijzertoren in Diksmuide op 9 juli 2016 - A peine 15 personnes furent pr\u00e9sentes lors de la c\u00e9r\u00e9monie pour le 11 juillet \u00e0 la Tour de l&#039;Yser le 9 juillet 2016 (foto, photo Belga).\" srcset=\"https:\/\/www.unionbelge.be\/wp-content\/uploads\/2016\/07\/Ijzertoren-2016-300x169.jpg 300w, https:\/\/www.unionbelge.be\/wp-content\/uploads\/2016\/07\/Ijzertoren-2016.jpg 510w\" sizes=\"auto, (max-width: 300px) 100vw, 300px\" \/><\/a><\/p>\n"},"caption":{"rendered":"<p>Slechts een 15-tal mensen waren aanwezig op de 11 juli-viering aan de Ijzertoren in Diksmuide op 9 juli 2016 &#8211; A peine 15 personnes furent pr\u00e9sentes lors de la c\u00e9r\u00e9monie pour le 11 juillet \u00e0 la Tour de l&#8217;Yser le 9 juillet 2016 (foto, photo Belga). <\/p>\n"},"alt_text":"Slechts een 15-tal mensen waren aanwezig op de 11 juli-viering aan de Ijzertoren in Diksmuide op 9 juli 2016 - A peine 15 personnes furent pr\u00e9sentes lors de la c\u00e9r\u00e9monie pour le 11 juillet \u00e0 la Tour de l'Yser le 9 juillet 2016 (foto, photo Belga).","media_type":"image","mime_type":"image\/jpeg","media_details":{"width":510,"height":288,"file":"2016\/07\/Ijzertoren-2016.jpg","sizes":{"thumbnail":{"file":"Ijzertoren-2016-150x150.jpg","width":150,"height":150,"mime_type":"image\/jpeg","source_url":"https:\/\/www.unionbelge.be\/wp-content\/uploads\/2016\/07\/Ijzertoren-2016-150x150.jpg"},"medium":{"file":"Ijzertoren-2016-300x169.jpg","width":300,"height":169,"mime_type":"image\/jpeg","source_url":"https:\/\/www.unionbelge.be\/wp-content\/uploads\/2016\/07\/Ijzertoren-2016-300x169.jpg"},"featured":{"file":"Ijzertoren-2016-200x180.jpg","width":200,"height":180,"mime_type":"image\/jpeg","source_url":"https:\/\/www.unionbelge.be\/wp-content\/uploads\/2016\/07\/Ijzertoren-2016-200x180.jpg"},"ngfb-tc-summary":{"file":"Ijzertoren-2016-200x200.jpg","width":200,"height":200,"mime_type":"image\/jpeg","source_url":"https:\/\/www.unionbelge.be\/wp-content\/uploads\/2016\/07\/Ijzertoren-2016-200x200.jpg"},"ngfb-tc-lrgimg":{"file":"Ijzertoren-2016-300x169.jpg","width":300,"height":169,"mime_type":"image\/jpeg","source_url":"https:\/\/www.unionbelge.be\/wp-content\/uploads\/2016\/07\/Ijzertoren-2016-300x169.jpg"},"full":{"file":"Ijzertoren-2016.jpg","width":510,"height":288,"mime_type":"image\/jpeg","source_url":"https:\/\/www.unionbelge.be\/wp-content\/uploads\/2016\/07\/Ijzertoren-2016.jpg"}},"image_meta":{"aperture":"0","credit":"","camera":"","caption":"","created_timestamp":"0","copyright":"","focal_length":"0","iso":"0","shutter_speed":"0","title":"","orientation":"0","keywords":[]}},"post":10418,"source_url":"https:\/\/www.unionbelge.be\/wp-content\/uploads\/2016\/07\/Ijzertoren-2016.jpg","_links":{"self":[{"href":"https:\/\/www.unionbelge.be\/index.php?rest_route=\/wp\/v2\/media\/10430","targetHints":{"allow":["GET"]}}],"collection":[{"href":"https:\/\/www.unionbelge.be\/index.php?rest_route=\/wp\/v2\/media"}],"about":[{"href":"https:\/\/www.unionbelge.be\/index.php?rest_route=\/wp\/v2\/types\/attachment"}],"author":[{"embeddable":true,"href":"https:\/\/www.unionbelge.be\/index.php?rest_route=\/wp\/v2\/users\/2"}],"replies":[{"embeddable":true,"href":"https:\/\/www.unionbelge.be\/index.php?rest_route=%2Fwp%2Fv2%2Fcomments&post=10430"}],"wp:attached-to":[{"embeddable":true,"post_type":"post","id":10418,"href":"https:\/\/www.unionbelge.be\/index.php?rest_route=\/wp\/v2\/posts\/10418"}],"curies":[{"name":"wp","href":"https:\/\/api.w.org\/{rel}","templated":true}]}}

<p class="attachment"><a href='https://www.unionbelge.be/wp-content/uploads/2016/07/Ijzertoren-2016.jpg'><img loading="lazy" decoding="async" width="300" height="169" src="https://www.unionbelge.be/wp-content/uploads/2016/07/Ijzertoren-2016-300x169.jpg" class="attachment-medium size-medium" alt="Slechts een 15-tal mensen waren aanwezig op de 11 juli-viering aan de Ijzertoren in Diksmuide op 9 juli 2016 - A peine 15 personnes furent présentes lors de la cérémonie pour le 11 juillet à la Tour de l&#039;Yser le 9 juillet 2016 (foto, photo Belga)." srcset="https://www.unionbelge.be/wp-content/uploads/2016/07/Ijzertoren-2016-300x169.jpg 300w, https://www.unionbelge.be/wp-content/uploads/2016/07/Ijzertoren-2016.jpg 510w" sizes="auto, (max-width: 300px) 100vw, 300px" /></a></p>

<p>Slechts een 15-tal mensen waren aanwezig op de 11 juli-viering aan de Ijzertoren in Diksmuide op 9 juli 2016 &#8211; A peine 15 personnes furent présentes lors de la cérémonie pour le 11 juillet à la Tour de l&#8217;Yser le 9 juillet 2016 (foto, photo Belga). </p>

Slechts een 15-tal mensen waren aanwezig op de 11 juli-viering aan de Ijzertoren in Diksmuide op 9 juli 2016 - A peine 15 personnes furent présentes lors de la cérémonie pour le 11 juillet à la Tour de l'Yser le 9 juillet 2016 (foto, photo Belga).
